f 169688180?
9
What is the hundred millions digit of 777295252?
7
What is the hundred millions digit of 1859756353?
8
What is the hundred thousands digit of 43014378?
0
What is the millions digit of 619151783?
9
What is the units digit of 8140431557?
7
What is the units digit of 16565174?
4
What is the thousands digit of 62141415?
1
What is the hundreds digit of 66630000?
0
What is the ten millions digit of 77800066?
7
What is the thousands digit of 208736314?
6
What is the units digit of 743238860?
0
What is the ten millions digit of 3160734070?
6
What is the ten millions digit of 52754647?
5
What is the ten millions digit of 4380913864?
8
What is the millions digit of 2481742?
2
What is the hundred thousands digit of 5677280070?
2
What is the ten thousands digit of 2885948301?
4
What is the ten millions digit of 28343820?
2
What is the ten thousands digit of 1800845764?
4
What is the hundreds digit of 35550215?
2
What is the tens digit of 2451527827?
2
What is the ten millions digit of 25672773?
2
What is the hundreds digit of 282828488?
4
What is the billions digit of 3041387184?
3
What is the millions digit of 389828719?
9
What is the hundred thousands digit of 526117028?
1
What is the thousands digit of 87029873?
9
What is the units digit of 57409848?
8
What is the hundreds digit of 102280321?
3
What is the hundred millions digit of 4131538910?
1
What is the hundreds digit of 11066007?
0
What is the units digit of 27589905?
5
What is the hundreds digit of 539545418?
4
What is the units digit of 450092997?
7
What is the ten thousands digit of 44238765?
3
What is the thousands digit of 12883774?
3
What is the hundreds digit of 52573574?
5
What is the thousands digit of 124828241?
8
What is the millions digit of 1925619886?
5
What is the ten thousands digit of 58793590?
9
What is the ten thousands digit of 252367865?
6
What is the hundred thousands digit of 228208709?
2
What is the ten millions digit of 84189078?
8
What is the hundred thousands digit of 75908777?
9
What is the billions digit of 1001576055?
1
What is the thousands digit of 958289123?
9
What is the hundred millions digit of 109733293?
1
What is the hundred millions digit of 976990099?
9
What is the hundreds digit of 1803970634?
6
What is the ten millions digit of 884568144?
8
What is the hundreds digit of 111073133?
1
What is the thousands digit of 299813340?
3
What is the millions digit of 1273354284?
3
What is the hundreds digit of 978925798?
7
What is the millions digit of 28815343?
8
What is the millions digit of 98414939?
8
What is the ten millions digit of 123692554?
2
What is the ten thousands digit of 145174719?
7
What is the tens digit of 7768696?
9
What is the millions digit of 4984395017?
4
What is the thousands digit of 59945640?
5
What is the ten millions digit of 695244672?
9
What is the hundred millions digit of 846159276?
8
What is the ten thousands digit of 47111699?
1
What is the ten millions digit of 81194165?
8
What is the units digit of 77058961?
1
What is the ten thousands digit of 51558836?
5
What is the hundred millions digit of 347464930?
3
What is the ten thousands digit of 569655871?
5
What is the units digit of 1549795?
5
What is the hundred thousands digit of 72584706?
5
What is the ten millions digit of 4762141105?
6
What is the units digit of 137497058?
8
What is the hundred thousands digit of 74296106?
2
What is the tens digit of 5879330760?
6
What is the hundreds digit of 89286435?
4
What is the ten thousands digit of 3796182885?
8
What is the hundreds digit of 10549141?
1
What is the units digit of 477493556?
6
What is the hundred millions digit of 1188549215?
1
What is the millions digit of 566872409?
6
What is the ten thousands digit of 24518266?
1
What is the millions digit of 1953241844?
3
What is the thousands digit of 56802856?
2
What is the hundred thousands digit of 753775751?
7
What is the tens digit of 295349149?
4
What is the millions digit of 2269132548?
9
What is the hundred thousands digit of 75609885?
6
What is the thousands digit of 574817369?
7
What is the ten thousands digit of 5061467?
6
What is the hundreds digit of 424132732?
7
What is the millions digit of 267007545?
7
What is the hundreds digit of 155142823?
8
What is the thousands digit of 1675191319?
1
What is the hundred thousands digit of 18687917?
6
What is the hundreds digit of 10776781?
7
What is the units digit of 88748467?
7
What is the ten thousands digit of 604625631?
2
What is the hundred millions digit of 447118100?
4
What is the ten millions digit of 2298573732?
9
What is the tens digit of 463136433?
3
What is the hundred millions digit of 107576951?
1
What is the units digit of 2293817415?
5
What is the thousands digit of 581144063?
4
What is the ten thousands digit of 45567792?
6
What is the tens digit of 3179062474?
7
What is the units digit of 623560?
0
What is the thousands digit of 46335976?
5
What is the hundreds digit of 6050849323?
3
What is the ten thousands digit of 743665693?
6
What is the hundred thousands digit of 3344151891?
1
What is the billions digit of 2151881753?
2
What is the units digit of 1055987349?
9
What is the units digit of 23173990?
0
What is the hundred thousands digit of 11982894?
9
What is the tens digit of 890203042?
4
What is the hundred millions digit of 263933963?
2
What is the hundred thousands digit of 1479178619?
1
What is the millions digit of 976233582?
6
What is the millions digit of 2547598308?
7
What is the hundreds digit of 312883482?
4
What is the hundred millions digit of 157688184?
1
What is the tens digit of 261249759?
5
What is the tens digit of 779916527?
2
What is the millions digit of 20189709?
0
What is the ten thousands digit of 2629219383?
1
What is the hundreds digit of 212918598?
5
What is the millions digit of 154193008?
4
What is the tens digit of 36908406?
0
What is the hundred thousands digit of 31418697?
4
What is the ten millions digit of 2875556823?
7
What is the thousands digit of 4221866910?
6
What is the hundred millions digit of 1327234998?
3
What is the hundred millions digit of 714845903?
7
What is the hundred thousands digit of 227485023?
4
What is the ten millions digit of 6382148025?
8
What is the units digit of 1541277965?
5
What is the hundred millions digit of 1208608810?
2
What is the hundred thousands digit of 1798280432?
2
What is the thousands digit of 7024255?
4
What is the tens digit of 791126418?
1
What is the hundred thousands digit of 748181932?
1
What is the hundreds digit of 877295875?
8
What is the units digit of 380506316?
6
What is the hundreds digit of 58082157?
1
What is the thousands digit of 177293686?
3
What is the units digit of 1249621865?
5
What is the ten millions digit of 81789567?
8
What is the thousands digit of 40921198?
1
What is the millions digit of 48178149?
8
What is the ten thousands digit of 884144541?
4
What is the ten millions digit of 83615103?
8
What is the units digit of 215207331?
1
What is the hundred thousands digit of 23278778?
2
What is the thousands digit of 66161524?
1
What is the millions digit of 1693223932?
3
What is the tens digit of 1063208094?
9
What is the thousands digit of 1492757438?
7
What is the hundred millions digit of 432698242?
4
What is the hundreds digit of 1788992363?
3
What is the hundred millions digit of 321331152?
3
What is the ten millions digit of 446619735?
4
What is the units digit of 358726849?
9
What is the ten millions digit of 278743816?
7
What is the hundred millions digit of 159640288?
1
What is the tens digit of 5600463332?
3
What is the millions digit of 150777220?
0
What is the ten thousands digit of 17106109?
0
What is the hundred millions digit of 4610943993?
6
What is the hundred thousands digit of 53929934?
9
What is the hundreds digit of 123345805?
8
What is the tens digit of 966828458?
5
What is the hundred millions digit of 371201964?
3
What is the tens digit of 196243785?
8
What is the units digit of 110215717?
7
What is the ten millions digit of 199268293?
9
What is the millions digit of 1065454822?
5
What is the hundred millions digit of 100216152?
1
What is the hundred thousands digit of 286754406?
7
What is the millions digit of 7831700210?
1
What is the hundred millions digit of 1273